 -3*z**2 + 2*z - 1. Determine m(v).
-9
Suppose -4*b + 3*z + 17 = 0, -b + 3*z = -4*b + 18. Let h(q) = -q**2 + 5*q + 5. Let r be h(b). Suppose -r*d - 28 = 2*d. Let x(p) = -p**2 + p - 2. What is x(d)?
-22
Let c(q) be the third derivative of 0*q - 1/30*q**5 + q**3 + 1/3*q**4 + 113*q**2 + 1. Calculate c(6).
-18
Let g(b) = -3*b**2 - b + 1. Let t(d) = 10*d**2 + 3*d - 10. Let h(w) = 3*g(w) + t(w). What is h(2)?
-3
Suppose -2*k + 15*k - 39 = 0. Let g(j) = 9*j**2 + 0 + 2*j + 3 - k*j**2 - 13*j**2. What is g(-2)?
-29
Suppose -2*y + 31 = 5*h, -112*y + 117*y - 5 = 2*h. Let o(v) = 3*v - 39. What is o(h)?
-24
Let a(v) be the second derivative of -5*v**4/8 - v**2/2 - 15*v. Let c(y) be the first derivative of a(y). Suppose 0 = -3*t + 11*t + 8. Give c(t).
15
Let d(w) = -3*w**3 + 3*w. Let t(a) = a**2 + 7*a + 9. Let l be t(-5). Let r(h) = -h**3 + h**2 + h - 1. Let o(c) = l*d(c) + 4*r(c). Determine o(3).
8
Let x(p) = -569*p + 1126*p + 2*p**2 - 3*p**2 + 1 - 554*p. Determine x(2).
3
Let g = 1002 - 518. Let l(i) = -484 - i + g. Determine l(2).
-2
Let q(z) = -4*z - 11. Let m be q(-8). Let x = m - 23. Let h(s) = s - 237 + 114 + 122 - s**3. What is h(x)?
5
Let u(t) = -t - 9. Let v(o) = -o**3 + 18*o**2 - 34*o + 25. Suppose 2*p = f - 14, -4*p = 3*f - 38 - 14. Let y be v(f). Give u(y).
-2
Suppose -7*g - 4*k = -6*g - 29, 46 = 4*g + 2*k. Let n be (-23)/207 - (-64)/g. Let x(i) = -i**3 + 6*i**2 + 9*i - 4. Give x(n).
10
Let i(w) be the first derivative of -w**3/3 - 2*w**2 + 9*w + 1891. Give i(-4).
9
Let a(b) = -b**3 + 23*b**2 - 19*b - 62. Let k be a(22). Let r(d) = -4*d**2 + 0*d - 3*d + 9*d - k*d**2 + 3*d**2 + d**3. What is r(4)?
8
Let b be -1 + -1 - (-7 + 3). Let q(h) = -1. Let k(l) = 6*l. Let a = -25 - -27. Let o(z) = a*q(z) + k(z). Determine o(b).
10
Let o = -21028 - -21030. Let m(x) = -2 - 2 - 1 + x. Determine m(o).
-3
Let q(t) = -t**3 - 3*t**2 - 6*t + 10. Let h(f) = -f**3 + f**2 + f - 1. Let n(a) = -2*h(a) + q(a). Let x be n(6). Let d(v) = v**2 + 1. Give d(x).
1
Let y(v) = 29*v**3 + 5*v**2 + 3*v. Let b(t) = -5*t**3 - t**2 - t. Let j(m) = -6*b(m) - y(m). Calculate j(-4).
-60
Suppose p - 2*r = 27, 3*p - 81 = -0*r - r. Let g(w) = w**2 - 26*w - 32. Let b be g(p). Let i(u) = -2*u - 3. Give i(b).
7
Let w(t) = -t**2 - 14*t - 44. Let u be w(-8). Suppose -v + u*s + 30 = v, v - 4*s = 23. Let h(b) = b**2 - 3*b + 9. What is h(v)?
37
Let h(x) = -x**3 + 7*x**2 - 4*x + 17. Suppose -58*q + 57*q = 5*i + 18, q - 12 = i. Give h(q).
-11
Let x = 24695 + -24692. Let a(c) = -c**3 + 3*c**2 + 4*c - 1. Calculate a(x).
11
Suppose 9*q - 313 - 1982 = 0. Let o(g) = -257*g + 7 - q*g + 517*g - g**2. What is o(7)?
-7
Let z(b) be the first derivative of b**3/3 + 13*b**2 + 18*b + 5768. Give z(-17).
-135
Let x = 9687 + 55495. Let l(q) = -x*q - 4 + 65187*q + 4. Let y = -3 + 4. Determine l(y).
5
Let r(p) = -p**3 + 7*p**2 - 4*p + 3. Let m be r(6). Let i = 22 - m. Let d(o) be the second derivative of o**3/6 - 3*o**2/2 - 54*o + 13. Calculate d(i).
4
Let k(p) = -p**2 + 12*p - 7. Let r = 2583 - 2570. Calculate k(r).
-20
Let y(d) be the third derivative of -2*d**5/15 + d**4/24 - d**3 + 10*d**2 + 2. Let g(c) = 2*c**2 + c + 1. Let i(h) = 5*g(h) + y(h). Determine i(-6).
35
Let a(j) = 2*j**2 + 8*j - 1. Let r(g) = g. Suppose 0 = 6*h - 12*h + 24. Let i(p) = h*r(p) - a(p). Suppose 4 + 8 = -3*u. Determine i(u).
-15
Let z be (-24)/(4/18 + (-16)/18). Let l be -1 + 0 + -2 + z + -42. Let p(c) = -c**2 - 8*c - 3. Calculate p(l).
-12
Suppose 5*y = 3*f + 17 + 3, -2*y + 8 = -5*f. Suppose -10*i + 142 - 52 = f. Let n(q) = q - 13. What is n(i)?
-4
Let p(v) = 1290 - 419 - 407 - 457 + v. Let k = -4 + 8. Suppose -3*z - 43 = -k*i, 2*z + 24 + 2 = 2*i. Determine p(z).
-2
Let c(j) = -9*j + 81. Let t be c(12). Let h be (-2)/(-2 + 62/30). Let r = t - h. Let o(g) = -g**3 + 3*g**2 + 2*g + 3. What is o(r)?
9
Let i(h) be the second derivative of h**3/6 - 6*h**2 - 30731*h. Suppose 4*t = 3*o - 50, -t = 3*o + t - 38. Determine i(o).
2
Let p(a) be the second derivative of -a**5/20 - 3*a**4/4 - 7*a**3/6 + 19*a**2 + 12*a. Calculate p(-7).
-11
Suppose s + 48 + 1056 = 5*z, -4*z + s = -884. Suppose -14*c + 58*c + z = 0. Let x(i) = -8*i + 2. Give x(c).
42
Let x(k) = 1110*k**2 + 9*k - 9. Let p be x(1). Let f(c) = p*c - 1111*c + 7 + c**2 - 2*c**2. Calculate f(0).
7
Let b = 923 + -306. Let u = b - 627. Let a(m) = -m**3 - 10*m**2 + 3*m + 6. Calculate a(u).
-24
Let n be ((-65)/10)/((-2)/4). Let f be n/13 - 10/(-2). Let y(a) = -4*a**2 + 5*a**3 - a**2 - 6*a - 32*a**3 + 28*a**3. Give y(f).
0
Let k(i) = -801 + 2388 - 8*i**2 - 796 - 796 + 3*i. What is k(2)?
-31
Let x(r) be the first derivative of -93*r**2 - 3*r + 4609. What is x(-1)?
183
Let x(n) = -n**3 + 14*n**2 - 11*n - 26. Let y be x(13). Suppose -5*c - 20 = 3*g, 25 = -5*g - y. Let v(a) = 17*a**3 + a**2 + a. Give v(c).
-17
Let u = -1 + 2. Let t be (-8)/(-16)*(3 + -5) + 3. Let z(i) = 0 - t*i - 28*i**2 + 29*i**2 + u. Give z(5).
16
Let a(h) = -1065961*h - 8*h**2 + 9*h**2 + 1065986*h + 159. What is a(-11)?
5
Let u(l) be the second derivative of 2 - 1/3*l**4 - 1/2*l**2 - 1/3*l**3 - 3*l. Determine u(2).
-21
Let i(n) = n**3 - 7*n**2 + 7*n - 5. Let j(x) be the first derivative of 2*x**2 + 30*x - 116. Let q be j(-6). What is i(q)?
1
Let n(h) = h**3 + 5*h**2 + h + 1. Let k be n(-4). Let j(r) = -3*r - k - 13*r + 15*r. Give j(-10).
-3
Let b(p) = -p**2 - 8*p + 41. Suppose -3*d = 44 - 53, 33 = -3*k - 3*d. Calculate b(k).
-43
Let w(x) = x**3 - 28*x**2 + 53*x - 24. Suppose 26*p = -19*p + 28*p + 442. Calculate w(p).
2
Let v(g) = 3*g**2 + 4*g. Let r = -285 + 40. Let m be 2*6/(30/r). Let d = 95 + m. Give v(d).
15
Let g(d) = 3*d**3 - 23*d**2 + d + 14. Let j(x) = -7*x + 121. Let a be j(18). Let t(l) = 4*l**3 - 34*l**2 + l + 21. Let c(h) = a*t(h) + 7*g(h). Determine c(-9).
-25
Let x(i) = -i**2 + 1. Let o(a) = a. Let p(k) = 3*o(k) + x(k). Let m(g) = -g**3 + 16*g**2 + 95*g + 213. Let v be m(21). Determine p(v).
1
Let q(p) = -p + 5. Suppose -3*s + 841 = -4*f, 0 = 5*s + 2*f - 131 - 1262. Suppose -8*r = -s + 199. Determine q(r).
-5
Let q(g) = g**3 - 8*g**2 - 10*g - 105. Let r(k) = -11*k**3 + 82*k**2 + 99*k + 1098. Let o(t) = 21*q(t) + 2*r(t). Calculate o(-4).
39
Let u = 1000 + -997. Let z(w) = -39 + 5 + 13 + 2 + 9 + u*w. Calculate z(4).
2
Let m(j) be the third derivative of -j**5/60 + 7*j**4/24 - 3*j**3/2 - 170*j**2. Calculate m(6).
-3
Let x(t) = -32 + 3*t - 30 + 65 + 0*t. Let j(w) = -w. Let u be j(-2). Let g = -5 + u. Determine x(g).
-6
Let m be (-4 - 1)/((-4)/(-4)). Let w(h) = -h. Let x = -33 + 27. Let d(v) = v. Let o(y) = x*w(y) - 7*d(y). What is o(m)?
5
Let w(s) = 4 + 14387*s**2 - 6*s + s**3 + 14383*s**2 - 28777*s**2. Determine w(8).
20
Let d = 8281 + -8295. Let l(c) = -2*c**3 - 27*c**2 + 16*c + 45. Calculate l(d).
17
Let y(u) = u**3 + 5*u**2 - 3*u + 4. Let v(p) = -105*p + 9. Let n be v(-1). Let f be 330/n - 3 - 186/38. Give y(f).
19
Let a(w) = 11*w**2 + w + 1. Let b = 21 - 18. Suppose 13*u = b*u - 10. Determine a(u).
11
Let h = -3 - -6. Let b(l) = l**2 - 4*l - 7*l**2 - 4 - 2*l**h + l**3 + l. Suppose d - 4*a + 25 = 0, -5*a + 10 = -3*a. Calculate b(d).
-14
Suppose 193 = 4*a + 3*o, -5*a - o - 77 = -332. Suppose -5*t = -q + 58, 6*q - 8*q - a = 4*t. Let p(z) = 4*z + 17. Give p(t).
-31
Let d(u) = -3*u + 11. Suppose -3*l + 3 = 0, 40*l + 11 = 2*g + 45*l. Determine d(g).
2
Let x(g) be the second derivative of -g**5/120 + g**4/3 - 5*g**3 + 5*g**2/2 - 2*g - 27. Let t(z) be the second derivative of x(z). Calculate t(6).
2
Let q(w) = 2*w - 3. Let i = 38 + -34. Let v be q(i). Suppose -3*y + 2*r = 17, 0 = -y + v*y + 4*r - 4. Let j(c) = 2*c. What is j(y)?
-6
Suppose -4*h + 257 = z, 0*z + 15 = -5*z. Let l(x) = h*x**2 - 64*x**2 - 1 + 1 - 9*x. Determine l(8).
-8
Let h(m) = -m**2 + 9*m - 12. Suppose 2*c + 15 = -5*l, -39*c + 41*c - 3*l - 25 = 0. Calculate h(c).
8
Suppose -7*t = -5*t + 6, -t - 38 = -5*y. Let n(p) = 2*p + 1. Let f(o) = 4*o + 2. Let c(m) = -2*f(m) + 5*n(m). Calculate c(y).
15
Let t(k) be the first derivative of -k**4/4 - k**3 + k**2 - k - 19. Suppose -15*x = -19*x + 8. Determine t(x).
-17
Suppose 2 = n, -4*v + 5*n + 270 = 4*n. Let o = v - 36. Let y(c) = -2*c + c - o + 39 + c**2 + c**3. What is y(0)?
7
Let a(q) = q**2 - 2*q - 2. Let s be (16/10)/(6/15). Suppose 76 = s*x - 8*j + 3*j, 4*x = j + 76. Suppose -x*b + 17*b = -6. What is a(b)?
1
L